ert -1140 (base 5) to base 6.
-442
Convert -23322 (base 9) to base 4.
-3303110
1c8a (base 15) to base 9
8454
What is -171 (base 11) in base 2?
-11000111
-1020220 (base 3) to base 5
-12130
Convert 61 (base 9) to base 15.
3a
303 (base 15) to base 10
678
62371 (base 8) to base 9
38411
What is -2324 (base 6) in base 4?
-20230
-110130 (base 5) to base 3
-12012101
What is 8166 (base 9) in base 13?
2946
Convert -130201 (base 4) to base 12.
-1081
What is -22a2 (base 13) in base 14?
-1ab6
-1129 (base 16) to base 8
-10451
d6e8 (base 15) to base 12
2236b
What is 42302 (base 5) in base 4?
230023
What is -22112 (base 3) in base 7?
-446
What is -5e9e (base 16) in base 4?
-11322132
2010321 (base 4) to base 6
103213
1552 (base 7) to base 8
1161
Convert -11166 (base 7) to base 8.
-5431
What is -4a4 (base 14) in base 6?
-4144
Convert 1194 (base 13) to base 12.
1533
Convert -29ad (base 16) to base 11.
-801a
Convert 1144 (base 11) to base 8.
2734
What is 4033 (base 6) in base 9?
1183
What is -49a (base 16) in base 4?
-102122
What is -33440 (base 8) in base 9?
-21320
What is -2fa9 (base 16) in base 12?
-7089
What is 61030 (base 7) in base 13?
6952
Convert -1100212221 (base 3) to base 11.
-19226
What is 1001111010 (base 2) in base 9?
774
What is -3253 (base 6) in base 10?
-753
-23232 (base 4) to base 2
-1011101110
Convert -111101 (base 3) to base 6.
-1401
Convert -3463 (base 9) to base 4.
-220020
134340 (base 6) to base 2
11000101110100
Convert 1001111010 (base 2) to base 16.
27a
Convert 200 (base 7) to base 4.
1202
-142434 (base 6) to base 9
-20534
-220001120 (base 3) to base 5
-1030123
Convert 220211 (base 4) to base 16.
a25
What is -306 (base 9) in base 5?
-1444
Convert 5136 (base 9) to base 13.
1932
-11001101010001 (base 2) to base 10
-13137
What is -345344 (base 6) in base 10?
-29728
Convert 22133 (base 5) to base 15.
6cd
-192 (base 11) to base 5
-1342
Convert -20433 (base 5) to base 8.
-2530
What is 20107 (base 8) in base 10?
8263
-6ba (base 16) to base 13
-a26
Convert -102011000 (base 3) to base 5.
-230002
Convert 71 (base 10) to base 15.
4b
What is -268 (base 9) in base 7?
-440
What is -4013 (base 6) in base 11?
-724
Convert 20210100 (base 3) to base 10.
4950
What is a19f (base 16) in base 12?
1bb3b
What is -295 (base 12) in base 13?
-24b
Convert -361 (base 8) to base 12.
-181
Convert c701 (base 14) to base 8.
102775
15220 (base 12) to base 2
111001111111000
-7170 (base 12) to base 7
-50634
-3432 (base 5) to base 11
-408
Convert -291a (base 15) to base 5.
-240200
What is 1230 (base 11) in base 14?
82a
Convert 2100103 (base 4) to base 13.
4285
What is 211 (base 15) in base 2?
111010010
What is -520 (base 9) in base 15?
-1d3
Convert 933 (base 15) to base 3.
2211210
Convert -532440 (base 6) to base 12.
-21120
What is 6282 (base 11) in base 2?
10000001111110
3737 (base 9) to base 6
20524
Convert 2672 (base 16) to base 8.
23162
Convert -57a1 (base 11) to base 6.
-55125
Convert 65233 (base 7) to base 12.
9497
Convert 480 (base 10) to base 7.
1254
What is -1241 (base 13) in base 15?
-b78
993 (base 10) to base 9
1323
Convert -12201100 (base 3) to base 8.
-10107
9230 (base 15) to base 4
13202112
514 (base 11) to base 16
26c
Convert -4703 (base 9) to base 3.
-11210010
Convert 9302 (base 11) to base 3.
121221012
3371 (base 11) to base 13
2031
-447b (base 12) to base 2
-1110110011111
Convert -302 (base 10) to base 8.
-456
4014 (base 6) to base 9
1171
Convert -201120 (base 4) to base 10.
-2136
33466 (base 7) to base 11
6406
What is 110111111111 (base 2) in base 16?
dff
Convert -10100111 (base 2) to base 3.
-20012
Convert -100202 (base 3) to base 12.
-19b
Convert 99d2 (base 15) to base 7.
164015
-a56 (base 13) to base 14
-8db
-1050 (base 8) to base 10
-552
What is -87 (base 9) in base 2?
-1001111
What is -296 (base 15) in base 7?
-1503
Convert -9744 (base 14) to base 11.
-186a3
-2204224 (base 5) to base 3
-1221012210
-36f (base 16) to base 11
-72a
Convert 31762 (base 9) to base 4.
11020223
Convert -77555 (base 9) to base 15.
-103c5
Convert 7154 (base 8) to base 2.
111001101100
What is -100406 (base 7) in base 5?
-1021014
7289 (base 11) to base 2
10010110111000
What is -142 (base 15) in base 14?
-167
Convert 13716 (base 8) to base 10.
6094
Convert 24211 (base 6) to base 7.
13210
Convert 1037 (base 10) to base 13.
61a
What is -10000 (base 5) in base 2?
-1001110001
What is -2022032 (base 4) in base 13?
-4046
22b (base 12) to base 8
503
Convert 142533 (base 7) to base 3.
1101112120
Convert 916 (base 12) to base 13.
7a1
Convert 2002100 (base 4) to base 6.
102332
2648 (base 15) to base 9
12175
22f (base 16) to base 6
2331
What is -22101 (base 3) in base 11?
-196
What is -14a59 (base 12) in base 3?
-1110222220
What is -3 (base 13) in base 12?
-3
-6c5 (base 16) to base 3
-2101012
Convert -308b (base 12) to base 3.
-21020222
What is -32801 (base 10) in base 9?
-48885
What is -5335 (base 8) in base 12?
-1739
Convert 3322110 (base 4) to base 10.
16020
329 (base 12) to base 16
1d1
Convert 64 (base 9) to base 8.
72
What is -510 (base 15) in base 2?
-10001110100
What is -525 (base 15) in base 2?
-10010001000
-1222 (base 6) to base 7
-611
What is 1143 (base 6) in base 7?
546
4af7 (base 16) to base 11
13467
Convert -a2 (base 11) to base 8.
-160
What is -1120002 (base 3) in base 8?
-2160
Convert -2140 (base 8) to base 10.
-1120
-495 (base 13) to base 16
-31e
Convert -101010001100 (base 2) to base 11.
-2035
Convert -49a3 (base 16) to base 11.
-13188
What is 1177 (base 8) in base 13?
3a2
What is -36b1 (base 14) in base 2?
-10010101011011
What is -4110 (base 5) in base 8?
-1022
What is -320132 (base 4) in base 12?
-2112
Convert 75a0 (base 13) to base 9.
24381
Convert -486d (base 15) to base 11.
-10633
Convert 15213 (base 6) to base 2.
100110011001
-20323 (base 4) to base 14
-2cb
Convert 4724 (base 11) to base 12.
3705
-31411 (base 5) to base 12
-1276
-33133 (base 4) to base 8
-1737
-1112111212 (base 3) to base 4
-13120313
What is -10557 (base 8) in base 9?
-6108
1145 (base 9) to base 3
1011112
-189 (base 15) to base 10
-354
320111 (base 4) to base 5
103410
Convert 27671 (base 9) to base 7.
105511
-1921 (base 10) to base 4
-132001
-4943 (base 13) to base 15
-310e
What is 818 (base 13) in base 6?
10205
What is -10001100 (base 2) in base 9?
-165
What is 2102 (base 5) in base 15?
137
Convert -29a (base 14) to base 5.
-4103
What is 3232 (base 6) in base 3?
1000102
What is a30 (base 15) in base 11?
17a7
Convert 758 (base 14) to base 16.
5aa
Convert 21da (base 16) to base 10.
8666
What is -355c (base 15) in base 16?
-2c49
Convert 819 (base 13) to base 4.
111132
What is 10314 (base 5) in base 14?
389
What is 220065 (base 7) in base 12?
1a313
Convert -2138 (base 15) to base 8.
-15564
182 (base 9) to base 7
311
9ac (base 14) to base 4
131330
What is -83a (base 15) in base 2?
-11100111111
b80 (base 15) to base 7
10365
2055 (base 8) to base 16
42d
Convert dc (base 14) to base 15.
ce
Convert 1561 (base 15) to base 3.
20022001
Convert 51278 (base 11) to base 16.
1246f
Convert -1210 (base 5) to base 14.
-cc
524 (base 7) to base 6
1115
What is -5607 (base 9) in base 16?
-102a
13110 (base 7) to base 6
24050
2bbc (base 15) to base 4
2102322
What is -389 (base 15) in base 4?
-30210
What is -25551 (base 6) in base 14?
-15b5
-203534 (base 6) to base 9
-24444
Convert -1660 (base 10) to base 11.
-127a
Convert -32416 (base 8) to base 14.
-4d42
Convert -201112 (base 4) to base 8.
-4126
Convert 3456 (base 7) to base 10.
1266
-2495 (base 11) to base 3
-11110101
1a4c (base 13) to base 15
1286
710 (base 14) to base 3
1220100
-113212 (base 6) to base 3
-111102222
9f1a (base 16) to base 10
40730
-100001110110 (base 2) to base 5
-32131
-22388 (base 13) to base 10
-62135
What is 2112 (base 3) in base 9?
75
Convert 600c (base 14) to base 13.
7665
Convert 1851 (base 14) to base 16.
111f
23 (base 14) to base 10
31
Convert 7803 (base 16) to base 11.
210a0
-a86 (base 13) to base 16
-708
3142 (base 5) to base 7
1142
What is 9a4 (base 11) in base 16?
4b3
Convert 3592 (base 14) to base 15.
2b7a
Convert -4114 (base 6) to base 16.
-38e
-10010102 (base 3) to base 10
-2279
What is -2142 (base 7) in base 12?
-539
Convert 111011210 (base 3) to base 7.
40002
561 (base 11) to base 4
22200
c61 (base 13) to base 16
83b
What is 14b (bas